b).
-5
Suppose -1252 = -129*v - 349. Let g(j) = -2*j + 15. Give g(v).
1
Let y = -12574 - -12578. Let a(z) be the third derivative of 30*z**2 - 1/24*z**y + 0 + 0*z - 1/60*z**5 + 1/3*z**3. Determine a(0).
2
Let r(b) = -b - 27. Let g(y) = 21*y + 250. Let t be g(-13). Calculate r(t).
-4
Let f(j) be the first derivative of -j**3/3 + 9*j**2/2 + 18. Suppose 0 = 2*d - 5*y - 5 - 25, -4 = -4*d - 4*y. Determine f(d).
20
Let y(h) = 0 + 0*h + h**2 + 1 - h. Let k(a) = 16 - 10 + a - 6 - 15. Let n be k(18). Determine y(n).
7
Let l(b) = -126*b**2 + 5*b + 30. Let m(s) = 23*s**2 - s - 6. Let n(x) = 2*l(x) + 11*m(x). Calculate n(-8).
66
Let q = 484 - 481. Suppose q*n = 3*f + 3, 9*f - 10*f = 3*n - 19. Let t(m) = 6*m - 10. Calculate t(f).
14
Let s(p) = 9*p - 9. Suppose 67*q + 8 = 65*q. Determine s(q).
-45
Let h(j) = j**3 + 3*j**2 - 4*j - 5. Let w be h(-4). Let v(f) be the second derivative of 3/2*f**2 - 14*f - 1/6*f**3 - 6. Calculate v(w).
8
Let v(y) be the second derivative of -y**3/6 + 5*y**2 + y. Let h be 42/(-14) - (-1 + -2 + -3). Suppose z = h*c - 2*c - 2, 4*z = 5*c - 10. What is v(z)?
10
Let h(j) = 2*j. Let r be (0 + -2)/(183/27 - 7). Let s(z) = -z**3 + 8*z**2 + 20*z - 103. Let f be s(r). Give h(f).
-8
Let a(y) = 4*y**2 - 5*y**3 - 3 + 7*y**3 + 20*y - 22*y - y**3 + 0*y**3. Determine a(-2).
9
Let a(b) = -14*b - 566. Let m be a(-40). Let y = 7 - -2. Let s(v) = -3*v - 2*v - y + v. Determine s(m).
15
Let j(y) be the third derivative of -y**6/120 + 3*y**5/20 + y**4/12 - 11*y**3/6 - 2944*y**2. Calculate j(8).
69
Let m(x) = -46*x + 137. Let s(j) = 28*j - 71. Let c(g) = -3*m(g) - 5*s(g). Determine c(14).
-84
Let c(r) = 20*r + 4. Let x(j) = -11*j - 4. Let p(n) = -2*c(n) - 5*x(n). Calculate p(-3).
-33
Let m(r) be the second derivative of 0 - 3/2*r**2 + 9*r - 2/3*r**3. Let v = 13 - 15. Calculate m(v).
5
Let h(j) = 12*j**2 + 6*j - 3. Suppose -915 = 81*s - 996. Calculate h(s).
15
Let j = 298 + -298. Let d(m) = 24*m - m**2 - 4 + 0 - 16*m + j. What is d(6)?
8
Let s(l) be the first derivative of l**3/3 - 23*l**2/2 + 78*l - 2240. Determine s(21).
36
Suppose -5*a - 5*i + 35 = 0, 0*i = -2*a + 4*i + 8. Let h be 12/3 - 3 - a. Let q(j) be the second derivative of j**4/12 + j**3/2 + 624*j - 2. Calculate q(h).
10
Let s(k) be the first derivative of -5*k**2/2 - k + 845. Let g be ((-36)/(-14))/(12/(-84)). Let x be g/(-4)*(-8)/12. Give s(x).
14
Let b(w) = 62*w**2 + 10*w + 7. Let h(p) = 4*p**2. Let o(y) = b(y) - 15*h(y). Let m(f) = f + 6. Let a be m(-10). What is o(a)?
-1
Let j(k) be the third derivative of -k**4/24 - 5*k**3/6 - 35*k**2. Let z be j(-6). Let s(f) = -24*f**2 - f + 1. Calculate s(z).
-24
Let o(k) = -7*k - 2. Let t(b) = -50*b - 9. Let d(p) = -3*o(p) + t(p). Determine d(-1).
26
Let x(h) = -3*h**2 + 75*h - 5. Let i be x(25). Let j(v) = -2*v**3 - 7*v**2 - 2*v - 5. What is j(i)?
80
Let j(t) = -t**3 - 19*t**2 - 35*t - 4. Let s be j(-17). Let y(h) = -h**2 + 16*h - 11. What is y(s)?
28
Let l(k) be the second derivative of k**5/20 + k**4 - 2*k**3 + 12*k**2 - 1221*k. Determine l(-13).
11
Let o(y) = -13*y**3 + 2*y**2 - 3 + 39*y**3 - 39*y**3 - 3*y**2 - 4*y - 16*y**3. Determine o(-1).
29
Let f be ((-2)/(-2))/(((-18)/48)/(72/(-32))). Let x(n) = -n**3 + 5*n**2 + 4*n + 13. Give x(f).
1
Let c(v) = 0 - 3 - 4 - 5 + v. Let t = -4479 - -4484. Calculate c(t).
-7
Suppose -b - t = 10, b + 3*t - 3 + 5 = 0. Let m(z) = z**2 - 9*z**2 + 9*z**2 + 11 + 15*z + 10. Determine m(b).
7
Let i(a) = 4 + 6*a - 2 + 0 - a**2 - 4*a. Let s be (-525)/(-147) + 12/(-21). Give i(s).
-1
Let g(z) = -4*z**2 + 23*z - 3. Let o(v) = -7*v**2 + 41*v - 6. Let i(j) = 5*g(j) - 3*o(j). Suppose -7 = 5*t - 22. Give i(t).
-12
Let l = -26 - -32. Let q(m) be the third derivative of -m**5/60 + m**4/6 + m**3 + 32*m**2. Calculate q(l).
-6
Let p(k) = -40*k - 155. Let l(d) = d + 2. Let g(t) = 455*l(t) + 7*p(t). Determine g(1).
0
Let h(a) = a**3 + 5*a**2 - 2*a - 7. Let x(k) = -k**3 - 25*k**2 + 23*k - 75. Let w be x(-26). Suppose 15 = -3*s + 3*p, w*p + 25 = -2*s - 3*s. Give h(s).
3
Let m(k) = 251*k**3 + 16*k**2 + 12*k - 60. Let s(a) = 201*a**3 + 17*a**2 + 13*a - 60. Let j(q) = -4*m(q) + 5*s(q). What is j(-20)?
0
Let i(p) = p**3 - 13*p**2 + 8*p + 9. Suppose -2*s + 3*c + 42 = 0, 5*s - 204 = 4*c - 120. Calculate i(s).
-39
Let l(q) = -5*q - 1. Suppose -309*t + 308*t + 57 = 0. Suppose t*s = 59*s + 12. What is l(s)?
29
Let m(u) be the first derivative of u**4/2 - 55*u**3/3 + 25*u**2/2 + 61*u - 4060. Determine m(27).
7
Let b(h) = -h**3 + 8*h**2 - 6*h - 36. Let f be b(6). Let i(t) = t**2 + t - 1. Let d(s) = -s**2 + 2*s - 5. Let y(g) = d(g) - i(g). Give y(f).
-4
Let b = 3817 + -3799. Let t(m) = -3*m**2 + 56*m - 37. What is t(b)?
-1
Suppose -4*j + 612 = 13*j. Suppose s - 2*s - i = 9, -4*s + 4*i = j. Let c(n) = -n**2 - 11*n - 6. Calculate c(s).
12
Let y be ((-6)/(-4))/((-12)/(-16)). Let z be 0/(-5 + 21/3). Suppose -y*k = r + 13, k - 1 = -z*k + r. Let a(m) = 2*m + 1. Calculate a(k).
-7
Suppose 0 = 4*y - 4, -4*o + 8*o + 5*y - 21 = 0. Let c = 214 - 201. Let p(s) = 3*s - s**2 - c + 5 + 9 + o. Determine p(4).
1
Let q(r) = -5*r + 353 + 21*r - 7*r + 13*r - 7*r. What is q(-24)?
-7
Let z = 2 + 1. Suppose -2*k - 15 = -z*k - 5*b, 3*b + 4 = 2*k. Let r(p) = -10*p + 0 + p - 6 + k*p. Calculate r(-7).
22
Let t(o) = -o**3 - 12*o**2 + 365*o + 21*o**2 + 22 - 13*o**2 - 364*o. Give t(-5).
42
Let g(s) = -3*s + 25. Suppose -11*i = -42*i + 279. Determine g(i).
-2
Let r = -2 - 3. Let z(f) be the first derivative of 4/3*f**3 - 7/2*f**2 + 26 - 7*f + 1/4*f**4. Determine z(r).
3
Let b be (-4 - (7 + -9))*3/(-2). Let n(c) = b + 4 + 4*c - 5*c - 6. What is n(4)?
-3
Let q(m) = 4*m + 1. Let c(v) = v. Let w(z) = 3*c(z) - q(z). Let d(r) = -r**2 + r + 8. Let g be d(3). Let j be g/15 - (-7 - 372/(-90)). What is w(j)?
-4
Let u = -1288 - -1290. Let d(j) be the third derivative of -j**6/120 + j**5/60 - j**3/3 + 2*j**2. Give d(u).
-6
Let t(c) = -4 + 15*c - 9 + 11. Calculate t(-1).
-17
Suppose 61 = -2*c + 41. Let t be (-8 - c)*(-7)/2. Let x(k) = -k - 3. Give x(t).
4
Let j(l) be the first derivative of 0*l**2 - 34/3*l**3 + 3/8*l**4 + 1/120*l**5 - 30 + 0*l. Let p(w) be the third derivative of j(w). Determine p(-7).
2
Let d(o) = 0*o**3 + o**3 + 11*o**2 + 2*o - 1966768 + 1966697. Determine d(-10).
9
Let m be ((-3 - 0) + (-9 - -11))*3 + 6. Let v(b) be the third derivative of 1/24*b**4 + 2/3*b**m + 0 - 8*b**2 + 0*b. Determine v(8).
12
Let d be ((-2)/3)/(7/63). Let c be 1/d + (-52)/(-24). Let p(f) = f**c - f - f + 0 - 4 + 5. Determine p(3).
4
Let w(f) be the first derivative of -6*f - 106 - 1/3*f**3 + 6*f**2. Determine w(11).
5
Let m(o) = 3*o - 64. Suppose -2*u - 7*c + 4*c = -34, c = -2. Determine m(u).
-4
Let w(r) be the first derivative of 1/4*r**4 + 3/2*r**2 + r**3 + 2*r - 13. Give w(-3).
-7
Suppose -80*z + 550 = 30*z. Let x(v) = 2*v**3 - 7*v**2 - v + 3. Calculate x(z).
73
Let w(d) = d**2 + 3 + 0*d**2 - 2*d**2 + 0*d**2. Suppose 0 = 7*s + 15 + 27. Let p be -2*((-63)/s)/7. What is w(p)?
-6
Suppose -35 = -11*t - 629. Let x be t/(-36)*(4/3 + 0). Let a(f) = -f**x + 5*f - f + 5*f**2. Determine a(-3).
24
Let m be (-6)/4*60/45. Let f(h) be the third derivative of -5*h**4/24 - h**3/6 - 207*h**2. What is f(m)?
9
Suppose 5*l + 1857 = -3*i, -3*i = 4*l + 1441 + 44. Let q = l - -369. Let j(n) = 0 - 3 - n - n. Determine j(q).
3
Let j(c) = -2*c**2 - 7*c + 16. Suppose 98 + 332 = -110*i + 24*i. Determine j(i).
1
Let r(s) = -9*s**2 + 24*s + 43. Let c(f) = -5*f**2 + 13*f + 21. Let y(w) = -11*c(w) + 6*r(w). Let a = 12 + -12. Give y(a).
27
Let u = -2414 - -2405. Let y(k) = -123*k - 1110. Give y(u).
-3
Let i(g) be the third derivative of g**5/15 - g**4/4 - 5*g**3/3 + 10*g**2 - 173. Give i(-3).
44
Suppose -2*g + 8*a = 7*a - 5, -a = 3*g + 5. Let n(k) = 6*k - 24*k + 7*k + 10*k + 2. Give n(g).
2
Let w(m) = 24*m**3 - 456*m**2 - 3*m + 51. Let q be w(19). Let a(k) be the third derivative of k**6/120 + k**5/12 - 7*k**4/24 - 2*k**3/3 + k**2. Calculate a(q).
2
Suppose -222*t + 113*t + 129*t = 200. Let c(a) = a**2 - 9*a - 12. What is c(t)?
-2
Let q(c) = c**2 + 3*c - 3. Let a be q(2). Let l(b) be the first derivative of b**2/2 - 11*b - 1335. What is l(a)?
-4
Let t(p) be the first derivative of -p**4/4 - p**3/3 - 6*p + 244. Calculate t(3).
-42
Let v(x) be the second derivative of -1/3*x**3 + 1/4*x**4 - 3 + 0*x**2 - 1/5*x**5 - 93*x. 